{"id":122,"date":"2026-02-17T18:42:50","date_gmt":"2026-02-17T21:42:50","guid":{"rendered":"https:\/\/itechcertificadora.com.br\/?page_id=122"},"modified":"2026-02-18T10:42:50","modified_gmt":"2026-02-18T13:42:50","slug":"area-do-cliente","status":"publish","type":"page","link":"https:\/\/itechcertificadora.com.br\/index.php\/area-do-cliente\/","title":{"rendered":"\u00c1rea do Cliente"},"content":{"rendered":"\n\n\n<div id=\"testimonials-5\" style=\"background-color: #ffffff;\" data-label=\"Testimonials\" data-id=\"testimonials-5\" data-export-id=\"testimonials-5\" data-category=\"testimonials\" class=\"testimonials-5 content-section content-section-spacing\">\n    <div class=\"gridContainer\"> \n        <div class=\"row\">\n            <div data-type=\"column\" class=\"section-title-col\"> \n                <h2 class=\"\">\ud83d\udc4b Bem-vindo \u00e0 sua \u00c1rea do Cliente <\/h2> \n                <p class=\"lead\"> Aqui voc\u00ea pode acompanhar seus servi\u00e7os, documentos e solicita\u00e7\u00f5es com total seguran\u00e7a. <\/p>\n            <\/div> \n        <\/div> \n        <div class=\"row spaced-cols content-center-sm\" data-type=\"row\"> \n            <div class=\"col-xs-12 col-sm-6 col-md-4\"> \n                <div class=\"card y-move bordered\" data-type=\"column\"> \n                    <i class=\"fa fa-quote-right icon color1 small quotation-icon\"><\/i>\n                    <h3>Compromisso com Voc\u00ea<\/h3>\n                    <p class=\"text-center\">Trabalhamos para oferecer um atendimento \u00e1gil, transparente e confi\u00e1vel em todos os momentos. <\/p> \n                    <img decoding=\"async\" src=\"http:\/\/itechcertificadora.com.br\/wp-content\/uploads\/2026\/02\/flavio-olinda.jpg\" class=\"round icon\"> \n                    <h6 class=\"\">Fl\u00e1vio e Olinda<\/h6> \n                    <p class=\"small italic\">ITECH CERTIFICADORA<\/p>\n                <\/div> \n            <\/div> \n            <div class=\"col-xs-12 col-sm-6 col-md-4\"> \n                <div class=\"card y-move bordered\" data-type=\"column\"> \n                    <i class=\"fa fa-quote-right icon color1 small quotation-icon\"><\/i> \n                    <h3>Seguran\u00e7a e Confian\u00e7a<\/h3>\n                    <p class=\"text-center\">Nosso sistema utiliza protocolos seguros para proteger seus dados e garantir a integridade das suas opera\u00e7\u00f5es. <\/p> \n                    <img decoding=\"async\" src=\"http:\/\/itechcertificadora.com.br\/wp-content\/uploads\/2026\/02\/flavio-olinda.jpg\" class=\"round icon\"> \n                    <h6 class=\"\">Fl\u00e1vio e Olinda<\/h6> \n                    <p class=\"small italic\">ITECH CERTIFICADORA<\/p>\n                <\/div> \n            <\/div> \n            <div class=\"col-xs-12 col-sm-6 col-md-4\"> \n                <div class=\"card y-move bordered\" data-type=\"column\"> \n                    <i class=\"fa fa-quote-right icon color1 small quotation-icon\"><\/i> \n                    <h3>Seus Servi\u00e7os<\/h3>\n                    <p class=\"text-center\">Em breve voc\u00ea poder\u00e1 visualizar certificados, solicita\u00e7\u00f5es, hist\u00f3rico e documentos dispon\u00edveis. <\/p> \n                    <img decoding=\"async\" src=\"http:\/\/itechcertificadora.com.br\/wp-content\/uploads\/2026\/02\/flavio-olinda.jpg\" class=\"round icon\"> \n                    <h6 class=\"\">Fl\u00e1vio e Olinda<\/h6> \n                    <p class=\"small italic\">ITECH CERTIFICADORA<\/p>\n                <\/div> \n            <\/div>\n        <\/div>\n        <div class=\"section-title-col\" data-type=\"column\"> \n            <p class=\"lead\">\n                Se precisar de ajuda, entre em contato com nosso suporte.\n                Estamos \u00e0 disposi\u00e7\u00e3o para atender voc\u00ea.            \n            <\/p>\n            <p class=\"lead\">\n                <a href=\"https:\/\/wa.me\/556135420772\">\n                <img decoding=\"async\" src=\"http:\/\/itechcertificadora.com.br\/wp-content\/uploads\/2026\/02\/WhatsApp_Logo_PNG_Transparente_Sem_Fundo.png\" class=\"rounded mx-auto d-block\" alt=\"WhatsApp\" width=\"10%\">\n                (61) 3542-0772            \n                <\/a>\n            <\/p>\n                    <\/div>\n    <\/div>\n<\/div>\n\n\n\n<p><\/p>\n","protected":false},"excerpt":{"rendered":"","protected":false},"author":1,"featured_media":0,"parent":0,"menu_order":0,"comment_status":"closed","ping_status":"closed","template":"","meta":{"footnotes":""},"class_list":["post-122","page","type-page","status-publish","hentry"],"_links":{"self":[{"href":"https:\/\/itechcertificadora.com.br\/index.php\/wp-json\/wp\/v2\/pages\/122","targetHints":{"allow":["GET"]}}],"collection":[{"href":"https:\/\/itechcertificadora.com.br\/index.php\/wp-json\/wp\/v2\/pages"}],"about":[{"href":"https:\/\/itechcertificadora.com.br\/index.php\/wp-json\/wp\/v2\/types\/page"}],"author":[{"embeddable":true,"href":"https:\/\/itechcertificadora.com.br\/index.php\/wp-json\/wp\/v2\/users\/1"}],"replies":[{"embeddable":true,"href":"https:\/\/itechcertificadora.com.br\/index.php\/wp-json\/wp\/v2\/comments?post=122"}],"version-history":[{"count":2,"href":"https:\/\/itechcertificadora.com.br\/index.php\/wp-json\/wp\/v2\/pages\/122\/revisions"}],"predecessor-version":[{"id":165,"href":"https:\/\/itechcertificadora.com.br\/index.php\/wp-json\/wp\/v2\/pages\/122\/revisions\/165"}],"wp:attachment":[{"href":"https:\/\/itechcertificadora.com.br\/index.php\/wp-json\/wp\/v2\/media?parent=122"}],"curies":[{"name":"wp","href":"https:\/\/api.w.org\/{rel}","templated":true}]}}